, 4*z = 3*a + 61. Let h be 2/(-4) - (-915)/10. What is the greatest common divisor of z and h?
13
Suppose m - 5*p - 1 = 0, -2*m - 6 - 3 = p. Let z be (-1)/m - 598/(-8). What is the highest common divisor of 15 and z?
15
Let f = 4 + -6. Let q be 0 + 4/f - -11. Suppose 4*p + 14 - 50 = -5*j, 27 = 3*p - j. What is the highest common factor of p and q?
9
Let z(f) = -f**3 - f + 3. Let q(y) = -y**3 + 2*y**2. Let i be q(2). Let w be z(i). What is the highest common divisor of w and 1?
1
Let c(p) = -p - 4. Let t be c(-6). Suppose 123 = t*r + 13. What is the highest common factor of 22 and r?
11
Suppose -3*j + 2*g = -8*j + 1383, -j + 283 = 2*g. What is the greatest common factor of 25 and j?
25
Suppose 0 = -i - i + 3*n + 28, 4*i = 5*n + 56. Calculate the greatest common divisor of i and 35.
7
Suppose 0 = -0*r + 2*r - 10. Calculate the highest common divisor of r and 55.
5
Let y(l) = l + 25. Let n be y(-10). Suppose 0 = -2*s - 0*s + 90. What is the greatest common divisor of n and s?
15
Let r(v) = -v**2 + 14*v + 16. Let w be r(14). Let g = w + 40. Suppose 3*p - 31 = 5*t, -5*t = 4*p - 3 - 15. What is the greatest common divisor of g and p?
7
Let l(v) = 12*v**2 + 3*v - 4. Let z be l(-3). Calculate the highest common divisor of z and 38.
19
Let l = 18 + -15. Let h = -4 + 1. Let x be 31 - 1/(l/h). Calculate the greatest common factor of 16 and x.
16
Suppose -29 - 4 = -h. Let l be (-147)/(-3) + -3 + -2. Suppose j + j = l. What is the greatest common divisor of j and h?
11
Suppose -2*o - 6 = -a, 3*a + 2*o = 7*a - 18. Calculate the greatest common divisor of 12 and a.
4
Let y be -1 - -7 - (4 + -1). Suppose 2*s - y*s + 18 = 0. Calculate the highest common divisor of s and 12.
6
Let y = -15 - -29. Let k(c) = -2*c**3 + 7*c**2 + 2. Let w be k(5). Let p = w - -115. What is the highest common factor of p and y?
14
Let c(q) = -q**3 + 8*q**2 - 4*q - 9. Let n be c(7). Suppose -2*o + n = o. What is the highest common divisor of o and 24?
4
Suppose -5*o = 5*i - 505, 0 = 6*o - 3*o - 2*i - 293. Let w be 0/(3*4/(-6)). Suppose w*d = 4*d - 36. What is the highest common divisor of o and d?
9
Suppose 4*m = 0, 4*b - m - m - 280 = 0. Suppose -5*t + 7 = -2*u + 35, 3*t = -4*u + 56. What is the greatest common divisor of u and b?
14
Let h = -49 - -51. Calculate the greatest common factor of h and 16.
2
Let i = -38 - -47. Calculate the highest common factor of i and 6.
3
Suppose 2*r = 37 + 13. Let q(a) = 7*a**3 - 2*a**2 + a + 1. Let j be q(3). What is the highest common factor of r and j?
25
Let v = 5 + -1. Let m be ((-90)/v)/3*-8. Suppose 15 = -5*l + m. What is the greatest common divisor of 36 and l?
9
Let u be 2/(1/((-1)/(-2))). What is the highest common factor of u and 5?
1
Let n = -80 + 84. What is the highest common factor of n and 36?
4
Let z be 1*((3 - -14) + 3). Calculate the highest common divisor of z and 5.
5
Let p be (-2 - -11) + (-3)/1. Suppose 0 = -g + 2*g - p. Calculate the highest common factor of 6 and g.
6
Suppose 2*k - 16 = -3*a + 4*k, 4*k = -a + 24. Calculate the highest common factor of 2 and a.
2
Let z = -43 - -133. Suppose o - 5*f = 15, -4*f - 99 - 1 = -3*o. Suppose -4*w + o = 2*k, k - 2*k + 3*w - 5 = 0. Calculate the highest common factor of k and z.
10
Suppose h - 77 = 44. Let z = 70 - h. Let f = 90 + z. What is the greatest common divisor of f and 26?
13
Suppose -u = 4*o - 145, -3 = -3*o - u + 107. Calculate the greatest common factor of o and 5.
5
Let f(a) = -14*a + 6. Let q be f(-6). Suppose -2*b + 7*b - 5*l = q, -3*b + 56 = -2*l. What is the highest common factor of 4 and b?
4
Let g = 31 + -10. What is the greatest common factor of 3 and g?
3
Let o = -10 - -18. Let i(n) = 2*n**2 - 2*n. Let m = 2 - -1. Let c be i(m). Calculate the highest common factor of o and c.
4
Let z = 8 + -5. What is the greatest common divisor of 27 and z?
3
Let y be (-3)/(-6) - (-198)/(-4). Let x = -31 - y. Suppose 6*a = a + 90. What is the highest common factor of x and a?
18
Suppose 0 = -3*r + n - 4, r + n = 3*n + 2. Let f be 2 - 0/r - 87. Let g = f + 121. Calculate the highest common factor of 90 and g.
18
Let v = 39 + -150. Let y = -47 - v. Let d = -16 - -32. What is the greatest common factor of y and d?
16
Suppose -2*r = -10 + 4. Let g(i) = -2*i + 2. Let j(d) = 3*d - 4. Let t(s) = -10*g(s) - 6*j(s). Let v be t(r). What is the highest common factor of 25 and v?
5
Suppose -6*s + 8*s - 8 = 0. What is the highest common factor of s and 4?
4
Suppose -6 = -2*r - 2, -5*n = -4*r - 2. Let u = 8 + -5. What is the highest common factor of u and n?
1
Suppose 0 = -3*o + 10 - 1. Suppose w + o*w + 85 = 3*k, 2*k = -5*w + 26. What is the highest common divisor of 23 and k?
23
Suppose -d + 4 = 13. Suppose -116 + 36 = -5*b. Let n = b + d. What is the highest common divisor of 63 and n?
7
Suppose 2*p = -3*v + 15, 2*p - 9 = -v - 4. Let u = 43 - 26. Suppose v*i = 38 + u. Calculate the highest common divisor of i and 44.
11
Suppose 3*f = -4*h + 45, -3*h = -h + 3*f - 15. Suppose -n + 6*n = -5, -5*n - 17 = -4*p. Calculate the greatest common divisor of p and h.
3
Let d(k) = -k + 7. Let a be d(-3). Calculate the greatest common factor of a and 70.
10
Suppose 9*v - 26 = 7*v. Calculate the highest common divisor of 117 and v.
13
Let p(a) = a**3 - a**2 + 6. Suppose s + 2*u = 2 + 6, 0 = 3*s - 3*u + 12. Let g be p(s). Calculate the greatest common divisor of g and 66.
6
Suppose 5*v - 58 = 2*i - 3*i, v - 20 = 4*i. What is the greatest common factor of 96 and v?
12
Suppose -5*d - 2*h + 23 = -3, 4*d + 4*h - 16 = 0. What is the highest common factor of 18 and d?
6
Let t be (-2)/(1/(18/(-3))). Suppose 3*r - 5*d - 11 - 8 = 0, -2*d - 10 = -2*r. What is the greatest common factor of t and r?
3
Suppose -157 = -0*c - 5*c + v, 0 = -v + 3. Calculate the highest common divisor of 16 and c.
16
Let y be (-314)/(-8) - (-9)/12. What is the greatest common divisor of 5 and y?
5
Suppose -3*b = r - 29, 4*b - r - 29 = 19. Calculate the highest common divisor of 33 and b.
11
Let d(z) = -25*z. Let w be d(-2). What is the highest common factor of w and 125?
25
Suppose i = -i + 10. Suppose -i*x + 41 = 3*n, -7*x + 2*x + n = -53. Suppose -120 = -2*y - x. Calculate the greatest common divisor of 11 and y.
11
Let i = -5 - -8. Suppose -i*k = -k - 70. Calculate the greatest common divisor of k and 5.
5
Suppose -3*t + 30 = -198. What is the highest common divisor of t and 190?
38
Suppose -53 = -5*b + 67. Calculate the greatest common factor of b and 12.
12
Suppose 0 = -2*k - k + m + 2, -2*k + 5*m = -10. Suppose -3*u + k*u = -24. Suppose 2*i + u = 3*i. Calculate the highest common factor of i and 1.
1
Let p be 160/48*2/(-4)*-3. Let m = -66 - -121. What is the greatest common divisor of m and p?
5
Suppose -107 = 3*w + 4*s - 1687, -2*w + s = -1057. Calculate the highest common divisor of 48 and w.
48
Let f be 14/(-21) + 14/3. Suppose f*b + 0*b + 4*c = 452, 4*c = 4*b - 428. What is the greatest common factor of 10 and b?
10
Let g(w) = -w**3 + 8*w**2 - 7*w + 7. Let h be g(7). Suppose -j - 2 = -7. Suppose 0 = -j*d + 17 + 18. What is the greatest common factor of h and d?
7
Suppose -219 = -4*l + 5. Let b = 138 - l. Let i = b + -34. What is the highest common divisor of 6 and i?
6
Let q = 7 - 5. Suppose 2*v + c = -q*v + 162, -5*v + 206 = 3*c. Let x = 59 - v. What is the greatest common factor of 133 and x?
19
Let f(o) = o - 6. Let p be f(7). Suppose -y + 21 = 2*y. What is the greatest common factor of y and p?
1
Suppose 4*y + 3*h = 1074, -280 = -3*y + 2*y + 5*h. What is the highest common divisor of 30 and y?
30
Suppose -5*h + 4*h = -14. Let z be ((-4)/6)/((-1)/(-75)). Let c = z + 71. What is the highest common factor of h and c?
7
Let b = -26 + 56. What is the greatest common divisor of 40 and b?
10
Suppose 3*t - 7 = 8. Suppose 3*l = -10 - 2. Let s be 1108/44 - l/(-22). What is the greatest common factor of t and s?
5
Suppose -7 = 5*d + 48. Let c = -6 - d. Calculate the highest common divisor of 45 and c.
5
Let c be ((-6)/2)/(15/(-25)). Let v = c - 8. Let b be ((-78)/(-9))/(v/(-9)). What is the highest common factor of 65 and b?
13
Let d be (16/6)/((-2)/(-6)). Let t = 11 - d. Suppose -t*j + 32 = 3*q + 5, 3*q + 4*j = 30. Calculate the highest common divisor of 18 and q.
6
Suppose 1 = -6*f + 7. Calculate the greatest common factor of 9 and